. Let n be r(z). Is 2/(-5) - n/50 a prime number?
True
Let t(z) be the second derivative of -6*z**5/5 + z**4/12 - z**3/6 - z**2/2 - z. Let n be (-2)/(-3) + 5/(-3). Is t(n) a composite number?
True
Is 176/64*(0 + (244 - 0)) prime?
False
Let p be -209 + (-4)/((-1)/1). Let w = 2 - -3. Is (0 - 5)/(w/p) composite?
True
Suppose -z - 2*o + 141 = 0, -4*z + 344 = -4*o - 280. Let m = -563 - z. Is m/(-66) - (-4)/22 a prime number?
True
Is (3/(12/(-10)))/(2/(-2252)) prime?
False
Let w be (1 - 1) + (-40)/(-8). Suppose -5*m + w*k + 165 = 0, -3*k + 1 + 11 = 0. Is m prime?
True
Let d = -7 - -9. Suppose d*i = 3*i + s - 17, 0 = 5*i - 4*s - 49. Is i composite?
False
Let x = 12 - 10. Suppose -2*j - 273 = -5*s, 2*j = -x - 6. Is s composite?
False
Let l(y) be the first derivative of y**3/3 - y**2/2 + y + 2. Is l(-3) a composite number?
False
Suppose 0 = 5*y - 3*q + q - 293, 2*y = -3*q + 121. Is y prime?
True
Let g(i) = -i**3 + 16*i**2 + 15*i - 13. Is g(12) a prime number?
True
Let c be (-2)/(-3)*(-18)/(-2). Suppose -4*z - c + 2 = 0. Let t(p) = -83*p**3 + p**2 - 1. Is t(z) composite?
False
Let d(g) = 158*g**3 - 3*g**2 + 3*g - 1. Is d(1) a prime number?
True
Let a(y) = 7*y**2 - 2*y**2 - 2 + y**3 + 3*y + 0 - 1. Let q be a(-3). Suppose -8 = 4*n - 2*b + q*b, -2*b = 4*n. Is n a composite number?
False
Suppose 27*o - 22*o = 7365. Is o prime?
False
Let r be (1 + -2)/(1 + 0). Let f be r*(2 + -3) - -1. Suppose 2 = f*i + 5*n, -i + 5*n = 3*i - 64. Is i prime?
True
Is (-1 - 0)/(6/(-5934)) prime?
False
Let s be -5 - (0/4 - 4). Is (-2 - s - -492)/1 prime?
True
Suppose -1507 = -3*y + 2*n, n = -2*y + 57 + 943. Is y composite?
True
Let a be 25 + 3/6*-6. Is (a/(-6))/(2/(-42)) a prime number?
False
Suppose 162 = 4*g - 1342. Suppose -4*m = m - 3*b - g, 5*b - 92 = -m. Is m a prime number?
False
Let d(i) = 4*i**2 + 5*i - 4. Let m be d(-6). Suppose -2*x = 4*k - m, -x = -0*x + 3*k - 50. Is x a composite number?
True
Let a be 1*-3*(-3 + 0). Suppose -4*g + 1 = a. Let h(q) = 16*q**2 - q - 1. Is h(g) prime?
False
Let d = 11 - -51. Let v = d + -11. Let b = v + -28. Is b a composite number?
False
Suppose -2*f + 60 = 4*n + 12, 116 = 4*f + 4*n. Is f a prime number?
False
Suppose 4*v - 10 + 2 = 0. Let a be 2/(-5) + (-68)/(-20). Suppose 2*h + 5*y = 32, -20 = -v*h - a*y + 16. Is h a prime number?
False
Suppose 3 = -r, 0 = -3*x + x - 2*r - 6. Let q = x - 5. Let a = 8 + q. Is a a prime number?
True
Let a(p) = 3*p + 17. Let w(y) = -y - 6. Let l(m) = -4*a(m) - 11*w(m). Let d be l(-4). Suppose -v = d*v - 141. Is v prime?
True
Let g(f) = f**2 + 5*f + 6. Let j be g(-4). Suppose j - 14 = -3*a. Is (a/(-1) - -2) + 21 a prime number?
True
Let d(k) = k + 397. Is d(0) a prime number?
True
Suppose -4*k + k + 2*l + 25 = 0, -3*k + 5*l = -40. Let b(f) = 3*f - 2. Is b(k) a composite number?
False
Suppose -a - a + 586 = 0. Suppose 2*v - a = v. Is v a prime number?
True
Let q be 5/(-15) + (-22)/6. Is (-597)/q - 1/4 a composite number?
False
Suppose -h - 2*d = -9 - 2, -5*h + d = -22. Let z = -2 + h. Suppose 3*i - 91 = -z*n + 101, 4*i - 262 = 2*n. Is i composite?
True
Let f(r) = r**3 + 5*r**2 - 4*r - 1. Let g = 13 + -18. Is f(g) prime?
True
Let d(c) = c**3 + 9*c**2 + 5*c + 7. Suppose 5*v + 3*o + 40 = 5*o, -v - 2*o + 4 = 0. Is d(v) composite?
True
Let p(b) = 9*b**2 + 2*b + 11. Is p(6) prime?
True
Let i = -181 + 129. Is (-15)/6*i/5 composite?
True
Let d = 0 - 3. Let a(o) = -o**2 - 5*o - 3. Let y be a(d). Suppose 40 = y*h - 449. Is h prime?
True
Let i(w) = w + 12. Let u be i(-9). Suppose u*d - 168 = -d. Suppose 4*h - h = d. Is h composite?
True
Let h(k) = -19*k - 33. Is h(-10) prime?
True
Let i = -7 + 9. Suppose -5*n - 20 = 0, 4*m - 3*m + i*n - 69 = 0. Is m a composite number?
True
Let x be 6/15 + 9615/25. Suppose -y = -l - 209, 2*l - 33 = -2*y + x. Is y composite?
True
Let o be (-3)/((-3)/(-72 - 0)). Let w = o - -217. Is w a prime number?
False
Suppose -3*a = -3 - 6. Let l be (-28)/294 + 248/(-42). Let b = a - l. Is b prime?
False
Suppose 9*d - 2488 = 7*d + 3*k, -3*d = -5*k - 3733. Is d prime?
False
Let z(k) = -196*k**3 + 2. Let a be z(-2). Suppose 5*v - a = -5*r, 3*v + 4*r + 0*r - 937 = 0. Is v a composite number?
True
Let y = -10 - -16. Let c(f) = 5*f**2 - 8*f - 5. Is c(y) prime?
True
Suppose -8 + 3 = -5*a. Is 3/(-3)*(a - 54) prime?
True
Let n be (35/3)/(1/(-3)). Let u be n/(-2)*-30 + -1. Is (-2)/(-5) + u/(-10) prime?
True
Let h(m) = m**2 + 13*m. Let x be h(-13). Suppose x*y + y = 35. Is y a prime number?
False
Let m(u) be the first derivative of 8*u**2 + 15*u + 6. Is m(7) a composite number?
False
Suppose p = -0*p + 6. Let x(g) = 38*g - 5. Is x(p) a composite number?
False
Let m = -61 + 12. Let b(w) = -14*w**2. Let n(o) = 168*o**2. Let c(y) = m*b(y) - 4*n(y). Is c(-1) prime?
False
Let b(c) = -14*c + 7. Is b(-3) composite?
True
Let b(m) = -2*m**2 - 13*m - 8. Let k be b(-6). Suppose 0 = o + 4*w - 27, -o - o = -w - 45. Let l = o + k. Is l prime?
False
Let u(d) = 14*d**2 - 4*d. Let r be u(3). Let l = -67 + r. Is l prime?
True
Is (193/2)/((-5)/(-20)) composite?
True
Let y(h) = h**3 + 6*h**2 - 2*h - 7. Let z be y(-6). Let f be z - -4*(-2)/4. Is -39*(-1*4 + f) composite?
True
Suppose 4*h - 335 = -h. Is h a composite number?
False
Suppose 2*h - h - 256 = 0. Let n = 140 - h. Let f = -23 - n. Is f a composite number?
True
Let k be (-4)/(-16)*4 - -2. Suppose -3*y - 642 = -3*u, u = k*u + 2*y - 416. Is u a prime number?
True
Suppose -5*w + 2890 = -475. Is w composite?
False
Suppose -3*a + 825 - 21 = 0. Suppose -3*p + a = p. Is p composite?
False
Suppose -7*d + 371 = -6*d. Is d a composite number?
True
Suppose 3*s + s = 3096. Let k = -91 + s. Is k composite?
False
Let i(w) be the second derivative of -2*w + 0*w**3 + 19/12*w**4 + 0*w**2 + 0. Is i(-1) a composite number?
False
Let d(s) = s + 10. Let z be d(-8). Let l be ((-11)/(-2))/(z/32). Let p = 25 + l. Is p a composite number?
False
Suppose -2*q = -6*q + 2332. Is q a composite number?
True
Let n = -1305 - -4906. Is n a prime number?
False
Let n be (-2)/(-6) - 56/(-21). Suppose n*p + 12 = 0, 3*c + 7*p - 187 = 2*p. Is c composite?
True
Let m = 309 + -171. Suppose m = -2*w + 5*w. Is w a prime number?
False
Let x(q) = 6*q**3 + 3*q**2 - 2*q - 1. Let o(z) = -z**3 + 2. Let v be o(0). Is x(v) a prime number?
False
Let y(s) = 2*s**2 + 2*s + 15. Let u be ((-1)/(-3))/(1/21). Is y(u) composite?
False
Let i be -2 + (7 - (-1 - 1)). Let u = i + -3. Suppose 3*f + 3*s - 4*s - 114 = 0, -3*s = -u*f + 157. Is f composite?
False
Let d(z) = -z + 39. Let l be 2/(-7) - (-51)/7. Let g(i) = i - 7. Let k be g(l). Is d(k) composite?
True
Let x be 9795/6*8/10. Suppose 0 = r + 2*r - 3, -4*r - x = -5*t. Is t a prime number?
False
Let f = 56 + 12. Suppose -2*k + 40 = p, -2*p = -2*k - 30 - f. Is p a composite number?
True
Let z = -7 + 426. Is z prime?
True
Suppose q + 1 + 0 = 0. Let v be (-16)/(-5) + q/5. Suppose -o = 2*i - 0*o - 222, -4*i = -v*o - 464. Is i prime?
True
Suppose -3*l + 30 = 2*l. Suppose -m - m = z - l, 0 = z + 4*m - 10. Suppose -3*f + k + 176 = 0, -z*k - 23 + 84 = f. Is f prime?
True
Let y(v) = -v + 2 - 7 + 6*v. Suppose -5*u = -27 - 3. Is y(u) composite?
True
Let c = -1724 - -3335. Is (-2)/3*c/(-6) a prime number?
True
Suppose 0 = -10*p + 31563 + 31967. Is p composite?
False
Let c be -1 + 0 - (-2 - -4). Let r = c - -18. Is r composite?
True
Let v(n) = -n**3 - 7*n**2 - 6*n - 7. Let y = 4 - 2. Suppose -o + 0*o - 3*r = 1, y*r - 4 = 0. Is v(o) prime?
False
Let z = 0 - -4. Suppose 3*d = 3, 4*o - 19 = 3*o + z*d. Is o a composite number?
False
Let z(n) = -36*n - 12. Let x be z(-10). Suppose -5*g = 4*q - 579, -5*g + 2*g - 3*q + x = 0. Is g prime?
False
Let s(w) = 335*w + 7. Is s(2) prime?
True
Let o = 7 + -4. Let h(l) = 14*l + 1. Is h(o) a composite number?
False
Let j = 1 + 1. Suppose 0*p = -j*p - 4. Is 1*p + (-9)/(-1) a composite number?
False
Let q be (2 - -3) + -2 - -2. Suppose -g = -4*o - 76, q*o + 115 - 20 = g. Let w = o - -32. Is w composite?
False
Let n = -45 - 67. Suppose -2*l + 179 = -3*l. Let u = n - l. Is u composite?
False
Let l = 0 - -3. Let r(h) = 44*h - 1. Let v be r(l). Suppose -4*q - 210 = -5*k - 41, -3*k - 5*q + v = 0. Is k a prime number?
True
Let m be (4/(-6))/((-1)/6). Is 629/m - 2/8 composite?
False
Is 1049*(0 - 3)/(-3) a composite number?
False
Suppose -h - 13 = -137. Suppose -4